f f?
337
Let l(k) = 2*k**2 + 6*k. Let u be l(-4). Let r = 29 + 1. Suppose 0 = 3*n + 3*a + u - 38, 4*a + r = 3*n. List the prime factors of n.
2, 5
Let s(q) = 5*q + 5. Let z be s(4). Let a = z - 47. Let i = 32 + a. What are the prime factors of i?
2, 5
Let h(p) = p**3 + p**2 - 4*p - 3. Let q be h(-3). Let l be (2/(-6))/(3/q). List the prime factors of (21/6)/(l/2).
7
Let g = 54 + -41. List the prime factors of g.
13
Suppose -2*f + 0*y = 2*y + 100, -5*y = -f - 80. List the prime factors of f/(-2) + (-11)/(-22).
2, 7
Suppose 3 = -2*c + 13. Suppose -20 = 2*o - 0*l + 4*l, 2*o - c*l - 16 = 0. Let k(z) = -4*z - 3. What are the prime factors of k(o)?
5
Let x be -5 - -2*(-2)/(-4). Suppose -4*a + 2*p = -18, -a + 0*p = 5*p + 12. Let q = a - x. What are the prime factors of q?
7
Let x(y) = -20*y - 5. Let l be x(-5). Suppose 0*g - 5*g = -l. What are the prime factors of g?
19
Let p(l) = -l**3 - 6*l**2 - 6*l - 3. Let j be p(-5). List the prime factors of 1/j - 98/(-4).
5
Let h(b) = -2*b + 1. Let i be h(-1). Suppose -16 = 4*z, -i*z - 2*z = -4*f + 100. What are the prime factors of f?
2, 5
Let m = -11 - -15. Suppose -2 + 4 = -v + 4*a, -m*v - 3*a = -68. List the prime factors of v.
2, 7
Let l(x) = 2*x - 7. Let k be l(6). Suppose 0 = -k*t - 2*v + 110, 7*v - 2*v = 25. List the prime factors of t.
2, 5
Let n(r) = r**2 + 8*r - 6. Let w be n(-9). What are the prime factors of -2 - (-27 + -2 + w)?
2, 3
Suppose -2*k + 3*b + 13 = 0, b - 2*b = -2*k + 19. List the prime factors of k.
11
What are the prime factors of ((-2)/5)/(1/(-955))?
2, 191
Let u(j) = -j**3 + 7*j**2 - j + 9. Let z be u(7). Suppose 3*f - 22 = -x, -2*x = f + z*x - 11. List the prime factors of f.
7
Let x = 33 - 28. Suppose -x*d - 5 = 0, 5*m = -d - 2*d + 182. List the prime factors of m.
37
Let a be (-18)/(-4)*(-8)/(-12). What are the prime factors of -1*7*a/(-3)?
7
List the prime factors of 392/(64/8) + (-1 - 2).
2, 23
Let u = 1 - -2. Suppose -2*x + 12 + 10 = -4*t, x - 19 = 4*t. Suppose -x*i = -u*z, 3*z - i = -4 + 14. What are the prime factors of z?
5
Suppose 3*h + h - 8 = 0. Suppose -15 = -5*s + x, h*s - 5*x - 9 = -s. What are the prime factors of s?
3
Suppose 12*a = 19*a - 756. What are the prime factors of a?
2, 3
What are the prime factors of 6/(-15) - 610/(-25)?
2, 3
Let d(l) = -11*l + 33. What are the prime factors of d(-8)?
11
Suppose 0 = 2*k + 4*m - 88, 0*k = -2*k - 2*m + 78. Suppose 0 = 4*l - 2*l - k. List the prime factors of l.
17
Suppose -42 = -4*r + 30. Suppose r = -g + 3*g. List the prime factors of g.
3
Let d(g) = -3*g. Let f(c) = c**3 + 4*c**2 - 6*c - 4. Let k be f(-4). Suppose -4*t - k = -0*t. List the prime factors of d(t).
3, 5
Suppose -3*r + 16 = 5*i, -2*i + 2*r + 6 = 3*i. Let t be (3/(9/6))/i. Suppose -v + 2*h = 3, -3*v + t = -4*h + 4. What are the prime factors of v?
3
Let d(z) be the first derivative of z**2/2 - 5*z - 1. Let l = 13 - 5. What are the prime factors of d(l)?
3
Let s(w) = w**2 - 4*w + 2. Let t be s(4). Suppose 0 = -3*r + 8 - t. What are the prime factors of r?
2
Let k be (-1)/3 + 5/(-3). Let f(y) = 0 - 71*y + 66*y + 0. List the prime factors of f(k).
2, 5
Suppose 0 = 5*h - 10 - 0. Suppose 15 = h*u - u. List the prime factors of u.
3, 5
Suppose s - 6 = -8. Let h(q) = q**3 + 2*q**2 + q + 3. Let f be h(-3). What are the prime factors of s + f/(-3) + 3?
2
Let b(l) = -12*l + 2. Let y be b(3). What are the prime factors of (y/(-8))/(1/4)?
17
Suppose -d + 5 = 3*f, f - 2*d + d - 3 = 0. Suppose 3*b + 20 = l + 4, -2 = f*b. List the prime factors of l.
13
Let d(l) = -l**2 + 8*l + 2. Let z = -4 - -8. List the prime factors of d(z).
2, 3
Suppose -78 = -5*u + a - 5*a, -3*u + 52 = 5*a. Let l be 2/(-4) + u/(-4). Let p(j) = -j - 1. List the prime factors of p(l).
3
Suppose -4*l = 5*x + 17, 29 = -2*l + 4*l - 5*x. Suppose 5*c - 33 = -2*f + 11, l*c - 14 = f. List the prime factors of c.
2
Let f(w) = w - 1. Let r be f(0). Let y be r*2*6/(-3). Suppose y*l + 4 = 12. List the prime factors of l.
2
Let j = -20 - -19. Let h(q) = -5*q**3 + q + 1 + 4*q**3 - q**3. List the prime factors of h(j).
2
Let w(k) = -k**3 + 5*k**2 + 4*k + 12. Let x be w(6). Suppose 5*c + 3*o - 180 = x, 3*o - 114 = -3*c - 0*o. What are the prime factors of c?
3, 11
Suppose -3*v - 4*l + 97 = -37, -2*v + 3*l = -95. List the prime factors of v.
2, 23
Let j(p) = 7*p - 35. What are the prime factors of j(10)?
5, 7
Let p(y) = y**3 + 9*y**2 + 4. Let n be p(-9). Let c be 146/n + (-3)/6. Suppose -2*q = 5*s - c, 2*q - 3*s = -0*s + 4. What are the prime factors of q?
2
Suppose 0 = y - 2*y + 3. Suppose -y*r + 15 = 2*r. Suppose -r*i + 4 = -i. List the prime factors of i.
2
Suppose 55 + 90 = 5*l. Suppose -4*f - 7 = l. What are the prime factors of 4/(-6)*-3 - f?
11
Suppose -a - o = -2, 3*a - 5*a + 2 = o. Let p = 2 + a. Suppose -2*f + 7 = -5*g - 22, -p*g = 6. What are the prime factors of f?
7
Let d = 652 + -441. List the prime factors of d.
211
Suppose 3*j = -3*h + 957, 4*j + 3*h + 261 = 1537. What are the prime factors of j?
11, 29
List the prime factors of (-13888)/(-84) + 1*(-1)/3.
3, 5, 11
Let f = 5 + -1. Suppose 0 = -f*p + p + 141. List the prime factors of p.
47
Suppose -14 = -2*b + 28. Suppose 5*q = -5 - 40. Let k = q + b. What are the prime factors of k?
2, 3
Let q(x) = 5*x**2 + 4*x - 12. What are the prime factors of q(-5)?
3, 31
What are the prime factors of (4/(-6))/((-18)/1809)?
67
Suppose -2*w = 4*o - 28, 3*o + 23 = 3*w + 8. Let i = 14 - w. Suppose 4*f + 2*m = 26, 2*f + m + 17 = i*f. What are the prime factors of f?
5
Let i(n) = n**3 - 20*n**2 + 20*n + 45. List the prime factors of i(19).
2
Suppose -b = 2*b + 12, 0 = -4*u - 3*b. Suppose -19 = -u*q + 2*l, -2*q + 1 = 2*l + 5. Suppose -q*t = -17 - 25. List the prime factors of t.
2, 7
Let u(l) = l - 1. Let j be u(-4). Let y = j - -10. Suppose -y*s = -5, x = -3*x + 3*s + 21. What are the prime factors of x?
2, 3
Let o(f) = 2*f + 10. What are the prime factors of o(8)?
2, 13
Suppose 5*g = 23 - 8. Suppose 4 = 2*k, 0*v = 2*v + g*k - 48. List the prime factors of v.
3, 7
Suppose 2 = -6*j + 8*j. List the prime factors of (-2 - -2) + (j - -18).
19
Suppose f - 203 = -5*t, -4*t + 0*f = f - 163. What are the prime factors of t?
2, 5
Let u(t) = t**3 + 5*t**2 + 7*t - 7*t. What are the prime factors of u(-3)?
2, 3
Let r be (5/15)/((-2)/(-6)). List the prime factors of 15/r - 4/4.
2, 7
Let o be 42/(2 - -3 - 3). Suppose 0 = -4*n + 3*n + o. Let d = 35 - n. What are the prime factors of d?
2, 7
Suppose 0 = f + 4*f - 290. List the prime factors of f.
2, 29
Let v(j) = j**3 + 4*j**2 - j + 1. Let o be v(-4). Let x(m) = 6*m - 10. List the prime factors of x(o).
2, 5
Suppose 5*s = -5*q + 16 + 44, -30 = -2*s - 5*q. Suppose s = 5*d, -v - d + 3 = -1. Suppose 6*r = v*r + 64. List the prime factors of r.
2
Let c(o) = o**3 + 6*o**2 - o + 1. Let x be c(-5). Suppose -4*a = -x - 33. What are the prime factors of a?
2
Let t be (-4)/8 + 5/(-2). List the prime factors of -3*(-1)/(t/(-4)).
2
Suppose h - 2*n = 3*n - 7, -2*n = -h - 1. Let w = h + 7. List the prime factors of w.
2, 5
Let p(t) = t**3 + 7*t**2 + 2*t. What are the prime factors of p(-6)?
2, 3
Let i = -1 - -4. Suppose -i*t = -2*b + 36, -14 = 2*t - 2*b + 12. List the prime factors of (-2)/10 - 92/t.
3
What are the prime factors of -5 + -3 + 136 - -2?
2, 5, 13
Suppose 0 = h + 4*f + 4, -h = -0*f + f + 1. Suppose h = 3*l - 2 - 10. Suppose -2*k = -0*k - l. List the prime factors of k.
2
Suppose -65 - 19 = -3*h. What are the prime factors of h?
2, 7
Let l(m) = -m - 10. Suppose -5*q + 12*q + 112 = 0. List the prime factors of l(q).
2, 3
Let m(s) = 4*s**2. Let f(j) = j**2. Let z(t) = -21*f(t) + 6*m(t). Let o be z(-2). Suppose k + 3*k = o. List the prime factors of k.
3
Suppose h + 43 = 5*j - 1, h = -2*j + 12. What are the prime factors of j?
2
Let c = 45 + -23. List the prime factors of c.
2, 11
Let l be ((-9)/3 - 0) + 7. Suppose -5*o - l*x + 62 = 0, x - 2 = 1. What are the prime factors of o?
2, 5
Let i be (-1)/(-3 - (-24)/9). Suppose r = -i*w + 37, -2*w + 50 = 2*w + r. What are the prime factors of w?
13
Let y = 22 - -38. List the prime factors of y.
2, 3, 5
Let b(o) = 15*o**2 + 8*o + 2. List the prime factors of b(-3).
113
Let t(q) = 6*q + 10. What are the prime factors of t(14)?
2, 47
Suppose 0*v + 36 = 3*v. Let k = 71 + -66. Suppose -2 = k*s - v. 